9341?
779341
List the prime factors of 253697.
107, 2371
What are the prime factors of 103791?
3, 29, 1193
List the prime factors of 10510257.
3, 37, 94687
List the prime factors of 3102480.
2, 3, 5, 31, 139
What are the prime factors of 1574188?
2, 7, 11, 19, 269
What are the prime factors of 32403864?
2, 3, 83, 16267
List the prime factors of 854220.
2, 3, 5, 23, 619
List the prime factors of 17245306.
2, 13, 663281
What are the prime factors of 329021?
7, 11, 4273
List the prime factors of 159098.
2, 79549
What are the prime factors of 279998?
2, 139999
List the prime factors of 10063702.
2, 11, 619, 739
List the prime factors of 1250191.
157, 7963
List the prime factors of 1516744.
2, 189593
List the prime factors of 173138.
2, 7, 83, 149
List the prime factors of 758598.
2, 3, 126433
List the prime factors of 44253.
3, 11, 149
List the prime factors of 17265777.
3, 127, 45317
What are the prime factors of 29065103?
29065103
What are the prime factors of 489803?
489803
What are the prime factors of 61868?
2, 15467
What are the prime factors of 23129546?
2, 11, 47, 22369
What are the prime factors of 947167?
13, 72859
List the prime factors of 1950297.
3, 650099
What are the prime factors of 1855924?
2, 7, 17, 557
List the prime factors of 157289.
11, 79, 181
List the prime factors of 721092.
2, 3, 60091
List the prime factors of 346185.
3, 5, 7, 157
List the prime factors of 2697201.
3, 13, 23053
What are the prime factors of 11581609?
13, 890893
What are the prime factors of 601189?
601189
What are the prime factors of 1978599?
3, 7, 94219
List the prime factors of 745051.
745051
What are the prime factors of 35783281?
461, 77621
What are the prime factors of 3088552?
2, 61, 6329
What are the prime factors of 2963168?
2, 13, 17, 419
List the prime factors of 874571.
41, 83, 257
What are the prime factors of 4908619?
4908619
What are the prime factors of 3159361?
3159361
What are the prime factors of 20415766?
2, 7, 19, 23, 47, 71
List the prime factors of 333593.
13, 67, 383
What are the prime factors of 1628299?
1628299
List the prime factors of 100106.
2, 50053
What are the prime factors of 5793408?
2, 3, 47, 107
What are the prime factors of 189152?
2, 23, 257
What are the prime factors of 7134897?
3, 7, 11, 67, 461
What are the prime factors of 21915483?
3, 7305161
What are the prime factors of 21488?
2, 17, 79
What are the prime factors of 2549834?
2, 7, 182131
List the prime factors of 651764.
2, 127, 1283
What are the prime factors of 632160?
2, 3, 5, 439
List the prime factors of 18130113.
3, 2014457
List the prime factors of 3225124.
2, 7, 115183
List the prime factors of 1510873.
7, 13, 16603
What are the prime factors of 12435643?
11, 43, 61, 431
List the prime factors of 376891.
376891
List the prime factors of 373031.
17, 21943
List the prime factors of 592485.
3, 5, 39499
List the prime factors of 5268568.
2, 197, 3343
What are the prime factors of 5071118?
2, 13, 195043
List the prime factors of 128360.
2, 5, 3209
What are the prime factors of 148549?
148549
List the prime factors of 3075755.
5, 615151
What are the prime factors of 983102?
2, 149, 3299
What are the prime factors of 4677229?
881, 5309
List the prime factors of 1022443.
1022443
What are the prime factors of 705362?
2, 7, 50383
What are the prime factors of 320669?
320669
What are the prime factors of 5481645?
3, 5, 13, 28111
List the prime factors of 71416.
2, 79, 113
List the prime factors of 3192507.
3, 317, 373
What are the prime factors of 295777?
295777
List the prime factors of 17208034.
2, 19, 37, 12239
What are the prime factors of 200323?
200323
What are the prime factors of 73964?
2, 11, 41
What are the prime factors of 13500060?
2, 3, 5, 7, 32143
List the prime factors of 376569.
3, 4649
List the prime factors of 8942693.
619, 14447
List the prime factors of 151071.
3, 37, 1361
What are the prime factors of 395702?
2, 67, 2953
List the prime factors of 11232953.
47, 199, 1201
List the prime factors of 669588.
2, 3, 55799
What are the prime factors of 1614561?
3, 13, 41399
List the prime factors of 7335852.
2, 3, 419, 1459
What are the prime factors of 1144241?
7, 31, 5273
List the prime factors of 5837297.
5837297
List the prime factors of 9426160.
2, 5, 17, 29, 239
List the prime factors of 198000.
2, 3, 5, 11
List the prime factors of 116307.
3, 12923
What are the prime factors of 3376693?
17, 307, 647
List the prime factors of 11840591.
7, 19, 127, 701
List the prime factors of 7385260.
2, 5, 369263
What are the prime factors of 2254344?
2, 3, 29, 41, 79
What are the prime factors of 6686457?
3, 17, 43, 3049
List the prime factors of 17950392.
2, 3, 249311
What are the prime factors of 21610029?
3, 7, 21001
List the prime factors of 38660673.
3, 12886891
List the prime factors of 6397443.
3, 13, 54679
What are the prime factors of 1814261?
1814261
What are the prime factors of 192084?
2, 3, 16007
List the prime factors of 37004782.
2, 1697, 10903
What are the prime factors of 5052115?
5, 1010423
List the prime factors of 163928.
2, 31, 661
List the prime factors of 2062558.
2, 1031279
List the prime factors of 316735.
5, 63347
List the prime factors of 75691.
7, 11, 983
List the prime factors of 98278.
2, 49139
List the prime factors of 737578.
2, 368789
What are the prime factors of 11359250?
2, 5, 7, 6491
What are the prime factors of 1798820?
2, 5, 53, 1697
What are the prime factors of 1107282?
2, 3, 11, 19, 883
What are the prime factors of 72140?
2, 5, 3607
List the prime factors of 3956133.
3, 1318711
List the prime factors of 1856027.
1856027
What are the prime factors of 9080906?
2, 23, 113, 1747
List the prime factors of 1620854.
2, 810427
What are the prime factors of 1032591?
3, 7, 49171
List the prime factors of 12169389.
3, 101, 40163
List the prime factors of 496981.
53, 9377
What are the prime factors of 79800?
2, 3, 5, 7, 19
What are the prime factors of 316234?
2, 17, 71, 131
What are the prime factors of 1452251?
83, 17497
What are the prime factors of 7041232?
2, 11, 3637
List the prime factors of 4476005.
5, 29, 30869
What are the prime factors of 639586?
2, 199, 1607
What are the prime factors of 183916?
2, 45979
What are the prime factors of 370639?
281, 1319
List the prime factors of 34206188.
2, 107, 229, 349
List the prime factors of 1289415.
3, 5, 67, 1283
List the prime factors of 1345330.
2, 5, 7, 19219
What are the prime factors of 5615606?
2, 41, 68483
What are the prime factors of 26793600?
2, 3, 5, 2791
List the prime factors of 2641783.
17, 155399
What are the prime factors of 2538434?
2, 857, 1481
List the prime factors of 863268.
2, 3, 7, 43, 239
List the prime factors of 7691386.
2, 3845693
List the prime factors of 844903.
844903
List the prime factors of 12979851.
3, 43, 239, 421
What are the prime factors of 1431565?
5, 89, 3217
What are the prime factors of 140812?
2, 7, 47, 107
What are the prime factors of 12652085?
5, 647, 3911
What are the prime factors of 312877?
59, 5303
List the prime factors of 280967.
280967
List the prime factors of 221497.
221497
List the prime factors of 471930.
2, 3, 5, 15731
What are the prime factors of 18043697?
7, 2577671
List the prime factors of 540863.
540863
What are the prime factors of 4984489?
4984489
What are the prime factors of 2016257?
41, 49177
List the prime factors of 17033690.
2, 5, 19, 37, 2423
List the prime factors of 6032549.
181, 33329
List the prime factors of 2728049.
43, 63443
What are the prime factors of 84576?
2, 3, 881
List the prime factors of 31988087.
43, 367, 2027
List the prime factors of 23620897.
569, 41513
What are the prime factors of 7268339?
13, 409, 1367
List the prime factors of 14523.
3, 47, 103
What are the prime factors of 454637?
454637
What are the prime factors of 9671755?
5, 1934351
List the prime factors of 126384.
2, 3, 2633
What are the prime factors of 12931724?
2, 13, 431, 577
What are the prime factors of 927719?
13, 71363
List the prime factors of 436376.
2, 54547
What are the prime factors of 21187583?
1993, 10631
List the prime factors of 104546.
2, 13, 4021
What are the prime factors of 665852?
2, 11, 37, 409
What are the prime factors of 3583916?
2, 7, 127997
What are the prime factors of 65657?
65657
List the